late the remainder when (10/(-2))/(2/(-14)) is divided by u.
11
Suppose -2*r + 524 - 90 = 0. Calculate the remainder when r is divided by 22.
19
Let d(t) = t**2 + 3*t - 2. Calculate the remainder when 13 is divided by d(-5).
5
Let u(j) = j**2 + 16*j - 21. Calculate the remainder when 87 is divided by u(-18).
12
Let r(l) = 35*l**3 + l**2 + 1 - l + 0*l - l. Suppose n - 5*h = -24, h - 9 + 3 = -n. What is the remainder when r(n) is divided by 9?
8
Let q(k) = 2*k**3 - k**2 - 2*k + 4. What is the remainder when q(3) is divided by ((-12)/(-3))/(12/45)?
13
Suppose -4*q - q + 55 = 0. What is the remainder when q is divided by 6?
5
Let r be 3/(-2)*(-42)/9. Suppose -r*g + 6*g + 10 = 0. Let k(f) = -f**2 + 9*f - 2. What is the remainder when k(4) is divided by g?
8
Let q(o) be the third derivative of 7/24*o**4 + o**3 + 1/60*o**5 - o**2 + 0*o + 0. What is the remainder when 39 is divided by q(-8)?
11
Suppose 5 = 4*p - 3. Calculate the remainder when 4 + -7 + 44/p is divided by 11.
8
Suppose -2*i + 4*i - 58 = 0. Let u = 2 + 0. Suppose k - 5*f = 5, k - u*f = -0*f + 8. What is the remainder when i is divided by k?
9
Let p be (2 - 18)*(-1)/(-2). Let f = -27 - p. Let a = 44 + f. What is the remainder when a is divided by 13?
12
Suppose 9*f - 263 = 106. Calculate the remainder when f is divided by 7.
6
Let r be -1 - (14/(-2) - -2). Let a be r + -6 + 3*3. Suppose -q + a = -6. What is the remainder when 25 is divided by q?
12
Let r = -5 + 7. Suppose -a = -r*t - 6, 2*a = 2*t + 22 - 0. Suppose 21 - 141 = -4*g. Calculate the remainder when g is divided by a.
14
Let z(u) = u + 21. Calculate the remainder when z(-10) is divided by 2.
1
Let z(c) be the second derivative of c**3/6 + 11*c**2 + 6*c. What is the remainder when 23 is divided by z(-10)?
11
Suppose -165 = -6*h + 819. Calculate the remainder when h is divided by 33.
32
Calculate the remainder when 451/9 + (-6)/54 is divided by 17.
16
Let n = 87 - 43. Calculate the remainder when n is divided by 9.
8
Let p(x) = x**3 + 11*x**2 - 4*x - 4. Let l = 59 + -23. Let o = l - 22. What is the remainder when p(-11) is divided by o?
12
Suppose -4*f - 19 = -227. Let s = f - 34. Calculate the remainder when 69 is divided by s.
15
Suppose 0 = g + 4*b - 29, 2*g - g + 3*b - 32 = 0. Suppose 0 = -4*t + g - 13. Calculate the remainder when 25 is divided by t.
4
Let s = 20 + -8. Suppose 0 = -3*n - s, 6*n - 2*n + 4 = -h. What is the remainder when 35 is divided by h?
11
Calculate the remainder when 4*1 + 55 + -9 is divided by 17.
16
Let q(w) = w**2 - 3*w + 4. Let c be (2 + (-2 - -4))*1. Let k(j) = j**3 - 10*j**2 + 2*j - 15. What is the remainder when q(c) is divided by k(10)?
3
Let b(t) = t**3 + t**2 + 27. Suppose -16*w + 1060 = -6*w. What is the remainder when w is divided by b(0)?
25
Let i(m) = -47*m + 5. Let k be 2*(-1)/((-1)/(-2)). Let z be i(k). Suppose 3*l - p + 23 = z, 5*l = p + 280. What is the remainder when l is divided by 19?
17
Suppose -22 + 237 = 5*y. Suppose -p = -u + 8 + 2, 2*p - 85 = -5*u. What is the remainder when y is divided by u?
13
Let h(m) = 2*m**2 + 7*m + 7. Let k be h(-7). Suppose -4*w + k = -56. Suppose -2*i + w = -0*i. What is the remainder when 40 is divided by i?
12
Suppose 0 = p - 13 - 23. Let m = p + -25. Suppose -5*x + 1 = -99. What is the remainder when x is divided by m?
9
Suppose i - 4*c = -18 + 2, 3*i - 16 = -4*c. Let j = -27 - i. Calculate the remainder when j/3*-1 - 1 is divided by 5.
3
Let g = -20 + 65. Suppose -4*o = 4*a - 92, 4*o = 4*a + g - 129. What is the remainder when 85 is divided by a?
19
Suppose -5*g - 4*l = 7, -4*g - 9 = 4*l - 1. Let p(c) = -c**2 + 4*c - 2. Calculate the remainder when g is divided by p(3).
0
What is the remainder when 6 + -2 + 5 + 1 is divided by 4?
2
Suppose 0 = -3*i + 22 + 41. What is the remainder when i is divided by 11?
10
Suppose -y = -9 + 1. Let g be (11/3)/(2/6). Suppose -5*b + 5*z + 107 + 73 = 0, b + 4*z = g. What is the remainder when b is divided by y?
7
What is the remainder when (-8)/(-6)*(-1 - -25) is divided by ((-22)/6)/(3*(-8)/72)?
10
Let k be (4 - 2)/(6/(-27)). What is the remainder when 7 is divided by (-6)/k*27/6?
1
Let j(o) = -2*o**3 + 9*o**2 - 14*o + 12. Let t(y) = y**3 + y**2. Let w(f) = -j(f) - t(f). Calculate the remainder when w(9) is divided by 9.
6
Let n = -3 + 4. Suppose -n = -g + 2. Suppose 9 = 2*l - g. What is the remainder when l is divided by 4?
2
Let k(t) = -2*t + 6. Suppose -3*x = 4*r - 4 - 8, 3*r - 5*x + 20 = 0. What is the remainder when 14 is divided by k(r)?
2
Let s = 30 - 16. Calculate the remainder when 39 is divided by s.
11
Let y = -7 - -14. Suppose -u - 22 = -3*u. Let v = -8 + u. What is the remainder when y is divided by v?
1
Suppose -4*y + 60 = -4*x, 3*x - 21 - 38 = -5*y. Suppose 4*r - 277 = 171. Suppose 3*j = r - 1. Calculate the remainder when j is divided by y.
11
Let j = -13 - -24. Let i = 78 - 71. Calculate the remainder when j is divided by i.
4
Suppose -6*x - 18 + 30 = 0. Suppose -2*b - 7 = -f, 3*b - f - 2*f = -12. Calculate the remainder when (-57)/(-9) - (-1)/b is divided by x.
0
Let c(h) = 2*h**2 - 6*h. Let j be c(4). Suppose 0 = j*l - 12*l + 128. Calculate the remainder when l is divided by 11.
10
Let r(p) = -p**2 + 10*p - 7. Let u be r(9). Suppose -2*l + 31 = -l + v, u*v = l - 40. What is the remainder when l is divided by 18?
16
Let d = -42 - -67. Suppose -w = -3*w - 3*o + 12, -2*o + 5 = w. Suppose -v - w = -d. What is the remainder when 47 is divided by v?
15
Suppose 242 = 4*c - 2*m, c - 5*m = -38 + 112. Let g(o) = -35*o**3 + o**2. What is the remainder when g(-1) is divided by 2/(-3) + c/3?
17
Let p = 29 + 15. Calculate the remainder when p is divided by 15.
14
Suppose 5*q - q = 5*h - 4, 3*q + 3*h - 24 = 0. Suppose 5*l + 5*b - 400 = 0, -q*b + 117 = 3*l - 124. What is the remainder when l is divided by 20?
19
Let t(h) = -h**2 + 11*h - 13. Let m be t(9). Suppose -24 - 6 = -m*s. Suppose -o + s*o = 45. Calculate the remainder when 25 is divided by o.
7
Let b(j) = j**3 + 4*j**2 - j - 3. Let l be b(-3). Let p(c) = c - 1. What is the remainder when 15 is divided by p(l)?
7
Suppose u = 4*y - 7*y - 15, -4*y - 20 = 3*u. Let v = u + 3. Suppose 0 = -v*m + m + 58. What is the remainder when m is divided by 15?
14
Suppose 0 = 16*u - 1491 - 125. What is the remainder when u is divided by 26?
23
Let k = 78 + -34. What is the remainder when k is divided by 15?
14
Calculate the remainder when (28/8 + -4)/((-1)/4) is divided by 1/(-4) - 9/(-4).
0
Suppose 12 = 9*g - 60. Calculate the remainder when 13 is divided by g.
5
Let w = -1 - 5. Let f = -52 - -30. Let k = w - f. What is the remainder when k is divided by 6?
4
Let g(l) = -4 - 3*l + 2*l + 1. Suppose 2 = 4*r - 2*r. What is the remainder when r is divided by g(-4)?
0
Suppose h + 4 = 2*h. Suppose 0 = -3*j - j + h*x + 44, 56 = 4*j - x. Calculate the remainder when j is divided by 9.
6
Suppose -3*x = -7*x + 8, -4*r + 4*x + 20 = 0. What is the remainder when r is divided by 4?
3
Suppose -2*t - 5*u = -76, 128 = -t + 5*t + 4*u. What is the remainder when t is divided by 6?
4
Let k(t) = -t**3 - 21*t**2 - 28*t - 3. What is the remainder when k(-20) is divided by 32?
29
Let u(i) = i**2 + 2*i + 4. Let h be -6 - -1*(3 - 1). What is the remainder when 57 is divided by u(h)?
9
Let r = -3 - -3. Let p be r + (0 - 0 - -2). What is the remainder when 1/(-2)*p*-6 is divided by 4?
2
Let t be -4*((-52)/(-16) + -3). Let o = 8 + t. Calculate the remainder when 11 is divided by o.
4
Suppose -3*x + 2*x = -5*k + 47, x = k - 7. Suppose 0 = 2*b, -f + 5*b = f - k. Suppose -3*c + 21 + 18 = 0. What is the remainder when c is divided by f?
3
Let g(w) = -w - 2. Suppose 0 = -2*b - 5*m - 2, 0*b - m = 2*b - 6. Suppose x = -3*p + 2, 8 = 6*x - 2*x + b*p. Calculate the remainder when g(-7) is divided by x.
1
Let o(b) = b**3 - 6*b**2 - 7*b + 6. Suppose 0 = -9*x + 8*x + 23. What is the remainder when x is divided by o(7)?
5
Let b(g) = g**3 - 3*g**2 + g + 2. Let c be b(3). Suppose n = c*n - 76. Calculate the remainder when n is divided by 7.
5
Let o(h) = -h**2 - 6*h + 2. Let b be o(-6). Suppose b*z - z = 0. Suppose 4*r + 0*r - 184 = z. What is the remainder when r is divided by 16?
14
Suppose -5*g + 25 + 50 = 0. Suppose l + 2*l + 9 = 0, -12 = -y + l. What is the remainder when g is divided by y?
6
Let p(o) = o*